151124 + -4290. Is r composite?
True
Is (29064 + 3)*(17 - 5) + 0 + 1 a prime number?
False
Suppose 0*b + 176 = 4*m + 4*b, 2*m = 2*b + 96. Let t = m - 31. Suppose -t*q + 14*q + 1637 = 0. Is q a composite number?
False
Suppose f + 11*h = 8*h + 12871, -5*f = h - 64383. Is f prime?
False
Suppose 0 = 6*u - u, -5*f + 3*f = -4*u - 38242. Is f a prime number?
True
Let x(w) = w**2 + 8*w - 46. Let o be x(4). Suppose -5*q - 33710 - 3622 = -2*l, o*q = 2*l - 37338. Is l prime?
True
Let v(c) = 14*c**2 + 803*c - 122. Is v(-91) a prime number?
False
Let i(c) = -c**2 - 641*c - 493. Is i(-91) a composite number?
True
Is 91003520/68 + 7/(-119) composite?
True
Let j be 72/(-10) - (-5)/25. Let r = j + 16. Suppose -3*g = 3*t - 981, r = -3*t - 3. Is g composite?
False
Suppose 0 = -4*p + 12, -4*z + 3*p = -7*z + 12615. Let q = -2649 + z. Is q composite?
False
Suppose -3*o = 3*w - 111117, 2*o - 42*w = -47*w + 74096. Is o a composite number?
True
Suppose 2*p = -16*z + 8116638, -179453 = -2*z - p + 835132. Is z a composite number?
False
Suppose -167159 = -3*o + h, 0 = -8*o + 13*o + 3*h - 278617. Is o a composite number?
False
Is 22/2 + (-71)/(1420/(-20400)) a composite number?
False
Let x(z) = 27*z**2 + 375*z + 14. Is x(-41) composite?
True
Let b = 88 + -65. Suppose -14*k = -b*k + 4059. Is k a prime number?
False
Let j = -15 - -9. Let s be (j/8)/((-5)/(-360)). Is (-3794)/(-6) + (-12)/s*3 prime?
False
Let r(t) = 18*t**2 - 4*t + 21. Let d be r(8). Let q = 5104 + d. Is q prime?
False
Is 79067 - 39/(-3) - 1/(-1)*7 composite?
False
Let d be (7/(-21))/((-1)/(-2073)). Let n = 1205 + d. Let t = 872 - n. Is t a composite number?
True
Let p = -310 - -111. Let q = p + 771. Let w = 1351 - q. Is w composite?
True
Let x(j) = -12*j - 14. Let a = 28 - 37. Let t be x(a). Suppose 2 = 2*y, 2*y - t = -4*f + 104. Is f a prime number?
False
Let r = -377 - -404. Suppose -r*i = -36*i + 21537. Is i composite?
False
Let y(n) = 5*n**2 + 8*n - 6. Let a = -10 - -21. Suppose a*x + 59 = 4. Is y(x) a prime number?
True
Suppose u - 3*i - 18 = 3*u, 0 = 4*u + 3*i + 24. Let k(y) = y - 1. Let j(o) = 20*o - 33. Let r(h) = u*k(h) + j(h). Is r(9) composite?
True
Let s(x) = -24*x**2 - 1 + 7 + 41*x**2 + 2 + 2*x. Suppose -3*n - 16 = -5*k, -5*n + 2*n + 9 = 0. Is s(k) composite?
False
Suppose 0 = 21*h - 207529 + 50995. Let m = h - 343. Is m composite?
True
Let c = -228 - -232. Suppose 4*b = -p + 7741, c*b = 4*p - 8*p + 30904. Is p a composite number?
True
Let d be 1 + (-9 - (-12 + 6)) - -15. Suppose d*x = 11*x + 1270. Is x a prime number?
False
Suppose -5*k = -16 + 41, 5*a = -k + 911450. Is a prime?
False
Let o = 325656 - 177257. Is o composite?
False
Let w = 110 + -176. Let n = w - -39. Is 202*(n/(-15) + (-8)/10) composite?
True
Let g = -493 - -1018. Let b = g + -194. Is b a composite number?
False
Suppose 5695480 = -11*j + 51*j. Is j a composite number?
True
Suppose -7*b + 6*b = 4*w - 50469, -24*b = -w - 1211935. Is b composite?
False
Suppose 3*r - 3*x - 77721 = 0, 0 = 4*r - 3*x - 30606 - 73023. Suppose -r - 836 = -8*s. Is s prime?
True
Let u(a) be the second derivative of -686*a**3/3 - 107*a**2/2 + 128*a. Is u(-13) prime?
True
Let p = 441391 - 202548. Is p a composite number?
True
Suppose m = 4*x - 5179, m = -2*x + 3*m + 2594. Let r = -2904 + x. Let o = -681 - r. Is o a composite number?
False
Let w = -24578 + 34495. Is w composite?
True
Is 52951*(-1 + (4 - -2)) prime?
False
Suppose 3894249 + 688435 = 12*z - 149168. Is z a composite number?
True
Let a be (-516)/(-3)*1 - 1. Suppose 0 = 168*t - a*t + 13749. Is t a composite number?
False
Let k(u) = -u**3 + 13*u**2 + 350*u + 97. Is k(-57) a prime number?
False
Suppose 2*w - 9*d + 13422 = -7*d, -20168 = 3*w + 4*d. Let m = 12075 + w. Is m prime?
False
Suppose -20*p = -15*p - 203170. Let k = p - 25393. Is k prime?
True
Suppose -5*a - 121 = -4*m, 5*a - 3*a - 142 = -4*m. Suppose 4*x + 357 = 7*x. Is (-14)/x - (-107546)/m a prime number?
True
Let f(g) = -235*g**3 + 38*g**2 + 86*g + 105. Is f(-18) composite?
True
Let u = 12151 + 22824. Suppose 5*p + 11*c - u = 8*c, -4*c + 20985 = 3*p. Is p composite?
True
Let n be -3 - -2 - (-1 - 4). Let o be 0/(-16 + (15 - -2)). Suppose -643 = -f + 3*b, o*f - 5*b - 2586 = -n*f. Is f prime?
False
Let h be (-811)/((-1)/(-3 + (-2)/(-1))). Let o = h + 2096. Suppose -2*p = 3*m - o, 2*p = 2*m - 4*m + 854. Is m a prime number?
True
Let i(n) = -14*n**3 + 7*n**2 - 9*n + 13. Let l be i(8). Let q = 10572 + l. Is q a prime number?
True
Suppose r - w - 80214 = 0, 23*r - 21*r - 160433 = w. Is r prime?
False
Suppose -86*t + 108*t = -132. Is t/(-8) + (-1195309)/(-212) composite?
False
Let y(a) = -a**3 + 16*a**2 - 27*a + 5. Let w be y(14). Suppose -w*t + 21*t - 934 = 0. Is t a prime number?
True
Let h = -15810 + 10043. Let x = 28075 + h. Suppose 5*q - 3*c - 37172 = 0, 4*q + x = 7*q + 3*c. Is q a composite number?
True
Let p(k) = -k**3 - 16*k**2 + 217*k - 141. Is p(-26) composite?
False
Suppose 27*y + 483187 = 100*y. Is y a composite number?
False
Let f be (13/(-2))/(3/(-2) + 2). Let o(z) = -24*z + 4. Let p be o(f). Let g = -185 + p. Is g prime?
True
Suppose -34*y + 25*y + 18 = 0. Let o(u) = -u + 2. Let s be o(4). Is s/y + (-13)/((-39)/450) a composite number?
False
Let t(u) = 22*u**3 - 8 - u**2 - 7*u + 4*u**2 - 8*u**2 - 17*u**2. Is t(7) a composite number?
True
Let p = 83 + -78. Suppose 2*j + 2*j = -l + 41173, -j = p*l - 10317. Suppose -j = -5*d + d. Is d a prime number?
False
Let x be -4*(-2)/(-4) + (1 - -1). Suppose 7 = -x*h + h - 2*k, 0 = -2*h + 2*k + 12. Suppose s - 4*l = -3, h*s + 4*l - 88 + 31 = 0. Is s a composite number?
True
Suppose 6*f = 39 - 15. Suppose p = -2*j, f*p - 5*p + 4*j = -12. Is 2*(42990/p)/3 prime?
False
Let c be 20/(-6)*168/(-20). Suppose -26*u = -c*u + 9290. Is u composite?
True
Is ((-4 - (-12)/4) + 187560)*(1 - -4) a prime number?
False
Let c be (-2)/14 + (-5)/(105/(-75603)). Let k = 21113 - c. Is k a prime number?
False
Let s = -97175 + 237142. Is s a prime number?
True
Let u(h) = -251*h + 20. Let v be u(2). Let y = v - -2635. Is y a composite number?
False
Let a(z) = 30*z**2 + 7*z + 2. Let i(y) be the second derivative of -y**5/20 + 2*y**4/3 - 3*y**3/2 + 11*y**2/2 - 11*y. Let g be i(7). Is a(g) composite?
False
Let x(d) = 13*d**3 - 12*d**2 - 42*d + 677. Is x(14) a prime number?
True
Suppose 5*r - 7448 = 2*t, 2*t + 4 = t. Let y = 2737 - r. Is y prime?
True
Let q(g) = 3*g**2 - 5*g - 3. Suppose d - 3 - 1 = 0. Suppose 33 = -5*p + 2*l, d = 2*p + 3*l + 2. Is q(p) a composite number?
False
Let t(o) be the first derivative of 346*o**3/3 + o**2/2 + 2*o - 1850. Let f = 1 - 2. Is t(f) a prime number?
True
Let k = -60224 - -167871. Is k prime?
True
Suppose 60 = -85*s + 87*s. Is (11 - s)/(2 + 5/(-2)) composite?
True
Let d(k) = k**3 - 3*k**2 - 7*k + 6. Let x be d(4). Let r = 0 - x. Suppose 194 = 5*w - m, -2*w + r*w + 3*m - 140 = 0. Is w composite?
True
Suppose 0 = -b + 4*s + 11 + 54, -4*b = -s - 200. Let i(o) = -o**2 + 46*o + 214. Is i(b) a prime number?
True
Is 163197 + 0/(-17) + 4 a prime number?
False
Suppose 0 = -6*t - 3*t. Suppose t = -8*h + 47617 - 7881. Is h prime?
True
Suppose -73*d = -74*d + 6. Suppose d*v + 1074 = 11844. Is v a composite number?
True
Let w(a) be the first derivative of a**4/4 + a**3/3 - 3*a**2/2 - 52*a + 51. Is w(10) prime?
False
Is (-18)/27*(32/(-80))/((-12)/(-7314795)) composite?
True
Suppose -2*b + 7 = o - 7*b, 0 = 3*b. Let z(v) = 3*v**2 - 20*v - 3. Let a be z(o). Is (-2179)/(-2 + (5 - a)) composite?
False
Let o(g) = -g**2 - 16*g - 24. Let k be o(-14). Suppose 0 = -k*j - 1357 + 5373. Suppose -12*f = -16*f + j. Is f composite?
False
Let n(v) = v**3 - 2*v**2 + 4*v - 2. Let f be n(2). Suppose 2*o - 4 = h, -f*h - 2*o = -h - 4. Suppose h = 4*j - 13*j + 837. Is j a composite number?
True
Let q = -5 - -3. Let u = q - -7. Suppose 0 = -3*a + u*v + 3771, 4*a - 929 = -2*v + 4099. Is a a composite number?
True
Suppose -1285658 - 991274 = 49*q. Let x = -1757 - q. Is x composite?
False
Suppose -10*r + 4332382 = 15*r - 8*r. Is r a composite number?
True
Let s = -1622 - -2924. Suppose -2*k - s = -2*x, 0*k + 2*k = -3*x + 1938. Suppose d = 3*q - 2824, q - 315 = -4*d + x. Is q composite?
True
Let x(o) = o + 43. Let m be x(-18). Suppose 2*p - m = -2*b - 3*b, -b = -1. Let c = 637 + p. Is c composite?
False
Is 472562968/4600 + (-